 h and t?
2
Let r(g) = 5*g - 4*g + 1 - 2*g. Let f be r(1). Suppose -2*b + 36 + 60 = f. Calculate the greatest common divisor of 16 and b.
16
Let a(f) = 4*f**2 - 2*f. Let r be a(2). Let j = 19 - r. Calculate the greatest common divisor of 1 and j.
1
Let u be -4 - 6*(-40)/12. Calculate the greatest common divisor of u and 176.
16
Let l(w) = -w**3 + 6*w**2 - 2*w + 6. Let m be l(5). What is the greatest common factor of m and 231?
21
Suppose -4*p + 59 - 11 = 0. What is the highest common factor of 6 and p?
6
Let l = -8 - -80. What is the highest common divisor of l and 90?
18
Suppose 2*r - 5*s = 25, 7*r + s = 2*r + 22. Suppose -r*z + 2*z = -24. What is the highest common divisor of z and 88?
8
Suppose 0*l + l - 90 = -s, 0 = -5*s + 3*l + 450. What is the greatest common divisor of s and 9?
9
Suppose -5*s + 90 = 2*u, -5*s - u + 21 = -4*s. What is the greatest common factor of 144 and s?
16
Let m(s) = 36*s**3 + s**2. Let v be m(1). Let y = 8 + v. Calculate the highest common divisor of y and 9.
9
Let n = -15 - -19. Suppose -n*w + 5*w - 84 = 0. Calculate the highest common divisor of w and 12.
12
Suppose -61 = -2*a - 2*o - 3, 2*o = 3*a - 72. Calculate the highest common factor of 39 and a.
13
Let n = 33 + -22. What is the greatest common factor of 99 and n?
11
Let b be 7 - (-3)/4*-4. Calculate the greatest common factor of b and 36.
4
Let r(x) = -x**3 + 6*x**2 + x + 4. Let n be r(6). What is the highest common factor of 10 and n?
10
Suppose j = 2*j + 14. Let w = 21 + j. Calculate the highest common factor of 77 and w.
7
Let o(n) = -2*n + 1. Suppose -t + 4 = -v, -20 = -0*t + 5*t + 3*v. Let z be o(t). What is the greatest common divisor of 12 and z?
3
Let k(j) be the third derivative of -j**4/12 - j**3/2 + j**2. Suppose -x - x - 14 = 0. Let a be k(x). Calculate the greatest common factor of 55 and a.
11
Suppose -10 = -2*x + 3*x - 4*o, -3*o + 19 = 5*x. Let m be 30 - (x*-2)/2. Calculate the highest common factor of 8 and m.
8
Let c(m) = -3*m - 23. Let u be c(-10). Calculate the highest common factor of 21 and u.
7
Suppose 2*z = z - 3. Let d be (33/(-9))/1*z. Calculate the greatest common divisor of 11 and d.
11
Suppose 3*t = l + 19, 6 = 5*t + 3*l - 7. Suppose 5*z + u = 34, t*z + 5*u - 50 = -0*u. Suppose -5 = -3*n + 1. What is the highest common factor of n and z?
2
Let n(r) = r**3 - 4*r**2 + 5*r - 4. Let m be n(3). Let k = m - 7. Let y(q) = -q. Let f be y(k). Calculate the highest common divisor of f and 5.
5
Let o = 2 + 8. Let z = 22 - o. Calculate the greatest common divisor of 84 and z.
12
Suppose -r - 4*j = -28 + 8, -3*r = 5*j - 46. Let i(p) = -p**2 + 14*p - 9. Let o be i(7). Suppose o = -0*z + 5*z. What is the highest common factor of r and z?
4
Let j = -38 + 53. What is the greatest common factor of 6 and j?
3
Suppose 22 = -7*u + 5*u. Let w = u - -13. What is the highest common divisor of w and 8?
2
Let m(y) = -3*y**2 + 14*y + 9. Let x be m(10). Let p = 431 + x. Suppose 3*w - w - 2*g = p, 5*g = 3*w - 430. What is the greatest common divisor of 15 and w?
15
Suppose 4*z = -4*v + 96, -56 - 58 = -5*v + z. What is the highest common factor of v and 23?
23
Suppose i - 20 = -0*i. Suppose -240 = -0*p - 3*p. Calculate the greatest common factor of i and p.
20
Let b be 2 + 0/(-3) - -28. Let w = -13 + b. Let t = -118 + 203. Calculate the highest common factor of w and t.
17
Suppose -5*i + 45 = m + m, 3*i + 25 = 4*m. Suppose 3*k = -m + 37. Calculate the highest common divisor of k and 45.
9
Let f be 27/6 - (-1)/(-2). Suppose 9 = f*j - 35. Suppose 4*r - y + 1 = 7, 4*r - 10 = 3*y. What is the greatest common divisor of j and r?
1
Suppose 5*v + 14 = -f, -4*f - v + 4 = 4*v. What is the greatest common divisor of 12 and f?
6
Suppose 2*a + 8 = -0*a. Let o be a/(-14) - 472/(-14). Let j(w) = 17*w. Let k be j(1). What is the greatest common divisor of o and k?
17
Let j(s) = -23*s - 1. Suppose 3 = 5*l - 2*l. Let r be -1 + l - (0 + 2). Let d be j(r). What is the highest common factor of 30 and d?
15
Let v be ((-264)/30)/((-2)/25). Suppose -v = -2*x - 4*l, -2*l - 5 = 3*l. What is the greatest common divisor of x and 19?
19
Suppose 1329 = 5*z - a, 3*z + 434 - 1245 = 4*a. Let q be (-1)/2 + z/2. Let i = 10 + 2. Calculate the greatest common factor of q and i.
12
Suppose r - 4*r = -3*i - 39, 0 = -4*i - 16. What is the highest common divisor of r and 81?
9
Suppose 0 = -5*c + 4*f + 221, f - 136 = 2*c - 5*c. Let p(j) = -j**3 - j**2 + 6*j + 6. Let a be p(-4). What is the highest common factor of c and a?
15
Suppose -3*d = -d. Suppose 0 = -d*r - 4*r + 4. Let f = 5 + -1. What is the highest common divisor of f and r?
1
Let n(g) = 22*g**2 - g - 1. Let a be n(-1). Let p = a + -9. What is the highest common divisor of 13 and p?
13
Suppose -4*t + 60 = -24. Suppose 2*n + 256 = 3*u + 4*n, -170 = -2*u - n. Calculate the highest common divisor of t and u.
21
Suppose 0 = -2*v - v + 60. Suppose -6*z = -25 - 155. Calculate the highest common factor of z and v.
10
Suppose 3*c - 3*h - 351 = 0, -4*c + 5*h + 474 = 3*h. What is the highest common factor of c and 15?
15
Let r be (0 - -2)*(-14)/4. Let x = r - -9. Suppose -5*h - 2*g = -37, -2*h + 9 + 7 = x*g. Calculate the highest common divisor of 14 and h.
7
Let h = -8 + 5. Let w be (-19 - -4)*h*1. Calculate the greatest common divisor of w and 30.
15
Suppose -4*c - 28 = -m, -60 = -3*m - 0*m + 4*c. Let a(j) = -j. Let o be a(0). Suppose 3*n - 141 + 21 = o. What is the highest common factor of m and n?
8
Let s = -31 - -55. Suppose -5*u + 2*u + s = -2*w, 4 = 2*u. Let q(x) = -x**2 - 9*x + 9. Let p be q(w). What is the highest common factor of 18 and p?
9
Let j = -306 - -432. What is the highest common divisor of 14 and j?
14
Suppose 0*s + 3*g = 3*s - 48, g = -2*s + 23. Calculate the greatest common divisor of s and 39.
13
Let g be (-8)/(-12) + (-13)/(-3). Calculate the highest common factor of g and 45.
5
Let q(v) = 177*v + 3. Let k(x) = -59*x - 1. Let f(u) = -7*k(u) - 2*q(u). Let b be f(1). Calculate the highest common divisor of b and 24.
12
Suppose a + 0*r - 54 = -r, -3*a - r + 158 = 0. What is the greatest common factor of a and 13?
13
Let r be 25 + ((-6)/(-7))/((-6)/(-21)). Calculate the highest common divisor of r and 140.
28
Let w(k) = 7*k**2 - 5*k - 3. Let a(m) = 3*m**2 - 3*m - 2. Let c(l) = 9*a(l) - 4*w(l). Let o be c(-5). What is the highest common factor of o and 4?
4
Suppose -r - 254 = r. Let z = 181 + r. Calculate the greatest common factor of 6 and z.
6
Suppose -2*r - 9 = -3*u + 4*u, 2 = -2*u. Let o be 3/(-8)*r*30. What is the greatest common factor of o and 5?
5
Let z(j) = j**3 - 6*j**2 - 5*j + 12. Let c be z(7). Let h be ((-2)/1)/(2/(-39)). What is the greatest common factor of h and c?
13
Suppose 30 = 4*t - 2*t. Let h be 1929/t + 12/(-20). Calculate the greatest common factor of h and 16.
16
Let r be (-2)/10 + 989/(-5). Let q be 0 - (r/2)/3. Calculate the greatest common factor of 22 and q.
11
Let g = -30 - -60. Calculate the highest common divisor of 15 and g.
15
Let t = 133 + 27. Suppose -3*k - 2*k = t. Let q be k/(-6)*15/2. Calculate the greatest common divisor of q and 10.
10
Let h = 189 - 177. Calculate the greatest common divisor of h and 96.
12
Let p = 72 + -36. What is the greatest common factor of 9 and p?
9
Let o(b) = -1 - 3 - 2*b - 2*b. Let s be o(-5). Let h(z) = -z**2 + 5*z - 2. Let y be h(3). Calculate the highest common divisor of s and y.
4
Let j(i) = -6*i + 2. Let n be j(1). Let x be -2 - (-6 - n/2). What is the greatest common divisor of x and 2?
2
Suppose -5*l - 29 = -d - 7*l, -87 = -3*d + 4*l. What is the highest common divisor of d and 58?
29
Let z = -148 + 260. What is the highest common divisor of 14 and z?
14
Suppose 2*h + 5*d - 15 - 9 = 0, -3*h + 10 = d. Suppose -4*y - 21 = -4*j - 3*y, h*y + 14 = j. Calculate the highest common divisor of j and 6.
2
Let r be (-1)/(-6)*-2*-3. Let f be -8*-4*r/1. Let j(p) = 3*p + 9. Let u be j(13). Calculate the greatest common divisor of u and f.
16
Suppose 4 = n - 12. Let h(m) = -24*m. Let l be h(-1). What is the greatest common divisor of l and n?
8
Suppose 5*m + 25 = 0, 0 = 2*o - 7*o - 4*m + 160. What is the greatest common divisor of o and 9?
9
Suppose k - 56 = -k + 5*a, 0 = -3*k + 2*a + 62. Let c = -88 + 178. What is the greatest common divisor of k and c?
18
Suppose 17 